{"version":"1.0","provider_name":"Consejo Regional Ind\u00edgena del Cauca - CRIC","provider_url":"https:\/\/www.cric-colombia.org\/portal","author_name":"Comunicaciones CRIC","author_url":"https:\/\/www.cric-colombia.org\/portal\/author\/comunicaciones\/","title":"La palabra como Trinchera, mayor Yule frente al Genocidio Silencioso - Consejo Regional Ind\u00edgena del Cauca - CRIC","type":"rich","width":600,"height":338,"html":"<blockquote class=\"wp-embedded-content\" data-secret=\"MzikM6K6Gt\"><a href=\"https:\/\/www.cric-colombia.org\/portal\/palabra-trinchera\/\">La palabra como Trinchera, mayor Yule frente al Genocidio Silencioso<\/a><\/blockquote><iframe sandbox=\"allow-scripts\" security=\"restricted\" src=\"https:\/\/www.cric-colombia.org\/portal\/palabra-trinchera\/embed\/#?secret=MzikM6K6Gt\" width=\"600\" height=\"338\" title=\"\u00abLa palabra como Trinchera, mayor Yule frente al Genocidio Silencioso\u00bb \u2014 Consejo Regional Ind\u00edgena del Cauca - CRIC\" data-secret=\"MzikM6K6Gt\" frameborder=\"0\" marginwidth=\"0\" marginheight=\"0\" scrolling=\"no\" class=\"wp-embedded-content\"><\/iframe><script type=\"text\/javascript\">\n\/*! This file is auto-generated *\/\n!function(c,d){\"use strict\";var e=!1,o=!1;if(d.querySelector)if(c.addEventListener)e=!0;if(c.wp=c.wp||{},c.wp.receiveEmbedMessage);else if(c.wp.receiveEmbedMessage=function(e){var t=e.data;if(!t);else if(!(t.secret||t.message||t.value));else if(\/[^a-zA-Z0-9]\/.test(t.secret));else{for(var r,s,a,i=d.querySelectorAll('iframe[data-secret=\"'+t.secret+'\"]'),n=d.querySelectorAll('blockquote[data-secret=\"'+t.secret+'\"]'),o=new RegExp(\"^https?:$\",\"i\"),l=0;l<n.length;l++)n[l].style.display=\"none\";for(l=0;l<i.length;l++)if(r=i[l],e.source!==r.contentWindow);else{if(r.removeAttribute(\"style\"),\"height\"===t.message){if(1e3<(s=parseInt(t.value,10)))s=1e3;else if(~~s<200)s=200;r.height=s}if(\"link\"===t.message)if(s=d.createElement(\"a\"),a=d.createElement(\"a\"),s.href=r.getAttribute(\"src\"),a.href=t.value,!o.test(a.protocol));else if(a.host===s.host)if(d.activeElement===r)c.top.location.href=t.value}}},e)c.addEventListener(\"message\",c.wp.receiveEmbedMessage,!1),d.addEventListener(\"DOMContentLoaded\",t,!1),c.addEventListener(\"load\",t,!1);function t(){if(o);else{o=!0;for(var e,t,r,s=-1!==navigator.appVersion.indexOf(\"MSIE 10\"),a=!!navigator.userAgent.match(\/Trident.*rv:11\\.\/),i=d.querySelectorAll(\"iframe.wp-embedded-content\"),n=0;n<i.length;n++){if(!(r=(t=i[n]).getAttribute(\"data-secret\")))r=Math.random().toString(36).substr(2,10),t.src+=\"#?secret=\"+r,t.setAttribute(\"data-secret\",r);if(s||a)(e=t.cloneNode(!0)).removeAttribute(\"security\"),t.parentNode.replaceChild(e,t);t.contentWindow.postMessage({message:\"ready\",secret:r},\"*\")}}}}(window,document);\n<\/script>\n","thumbnail_url":"https:\/\/www.cric-colombia.org\/portal\/wp-content\/uploads\/2025\/10\/Encuentro-de-la-Guardia-Regional-CRIC-Polindara-1.jpg","thumbnail_width":1620,"thumbnail_height":2268,"description":"En el Territorio Ancestral del Pueblo Polindara, Zona Oriente del Cauca, se escuch\u00f3 una voz que no habla solo por los Pueblos Ind\u00edgenas, sino por una naci\u00f3n que busca reencontrarse con la vida: el mayor Givanni Yule, director de la Unidad de Restituci\u00f3n de Tierras, la ponencia, m\u00e1s que un discurso pol\u00edtico, fue una declaraci\u00f3n"}

Consejo Regional Indígena del Cauca - CRIC

La palabra como Trinchera, mayor Yule frente al Genocidio Silencioso - Consejo Regional Indígena del Cauca - CRIC

<blockquote class="wp-embedded-content" data-secret="MzikM6K6Gt"><a href="https://www.cric-colombia.org/portal/palabra-trinchera/">La palabra como Trinchera, mayor Yule frente al Genocidio Silencioso</a></blockquote><iframe sandbox="allow-scripts" security="restricted" src="https://www.cric-colombia.org/portal/palabra-trinchera/embed/#?secret=MzikM6K6Gt" width="600" height="338" title="«La palabra como Trinchera, mayor Yule frente al Genocidio Silencioso» — Consejo Regional Indígena del Cauca - CRIC" data-secret="MzikM6K6Gt" frameborder="0" marginwidth="0" marginheight="0" scrolling="no" class="wp-embedded-content"></iframe><script type="text/javascript">
/*! This file is auto-generated */
!function(c,d){"use strict";var e=!1,o=!1;if(d.querySelector)if(c.addEventListener)e=!0;if(c.wp=c.wp||{},c.wp.receiveEmbedMessage);else if(c.wp.receiveEmbedMessage=function(e){var t=e.data;if(!t);else if(!(t.secret||t.message||t.value));else if(/[^a-zA-Z0-9]/.test(t.secret));else{for(var r,s,a,i=d.querySelectorAll('iframe[data-secret="'+t.secret+'"]'),n=d.querySelectorAll('blockquote[data-secret="'+t.secret+'"]'),o=new RegExp("^https?:$","i"),l=0;l<n.length;l++)n[l].style.display="none";for(l=0;l<i.length;l++)if(r=i[l],e.source!==r.contentWindow);else{if(r.removeAttribute("style"),"height"===t.message){if(1e3<(s=parseInt(t.value,10)))s=1e3;else if(~~s<200)s=200;r.height=s}if("link"===t.message)if(s=d.createElement("a"),a=d.createElement("a"),s.href=r.getAttribute("src"),a.href=t.value,!o.test(a.protocol));else if(a.host===s.host)if(d.activeElement===r)c.top.location.href=t.value}}},e)c.addEventListener("message",c.wp.receiveEmbedMessage,!1),d.addEventListener("DOMContentLoaded",t,!1),c.addEventListener("load",t,!1);function t(){if(o);else{o=!0;for(var e,t,r,s=-1!==navigator.appVersion.indexOf("MSIE 10"),a=!!navigator.userAgent.match(/Trident.*rv:11\./),i=d.querySelectorAll("iframe.wp-embedded-content"),n=0;n<i.length;n++){if(!(r=(t=i[n]).getAttribute("data-secret")))r=Math.random().toString(36).substr(2,10),t.src+="#?secret="+r,t.setAttribute("data-secret",r);if(s||a)(e=t.cloneNode(!0)).removeAttribute("security"),t.parentNode.replaceChild(e,t);t.contentWindow.postMessage({message:"ready",secret:r},"*")}}}}(window,document);
</script>

En el Territorio Ancestral del Pueblo Polindara, Zona Oriente del Cauca, se escuchó una voz que no habla solo por los Pueblos Indígenas, sino por una nación que busca reencontrarse con la vida: el mayor Givanni Yule, director de la Unidad de Restitución de Tierras, la ponencia, más que un discurso político, fue una declaración
